) composite?
True
Is (-30)/(-4)*(-59990624)/(-1840) prime?
False
Let j(h) = 809101*h - 6867. Is j(4) a composite number?
False
Let n(x) = 66210*x**2 - 338*x - 1031. Is n(-3) a prime number?
True
Let n(j) = -8*j**3 - 218*j**2 - 81*j - 82. Is n(-35) a prime number?
False
Let i = -21454 - -37637. Is i prime?
True
Let f(a) = 11*a + 90. Let l be f(-8). Is 629*(-6)/((-12)/l) prime?
False
Suppose -152*a + 1582588 = -36*a. Is a prime?
False
Suppose 0 = 306*g + 298*g - 23072250 - 872311242. Is g prime?
False
Suppose 4*o + 12 = 0, 2*o - 680 - 8131 = -n. Is n composite?
True
Let m = 1957808 - 586045. Is m a prime number?
True
Let a(i) be the second derivative of -i**4/12 - 2*i**3 + 8*i**2 + 14*i. Let s be a(-13). Suppose -s*r + r - 5*p = -2767, -1361 = -r + 2*p. Is r a prime number?
False
Suppose -1489 = -q + 2*i, -3*q + 4945 = -3*i + 469. Suppose 6*k - q = k. Is k a prime number?
False
Suppose -5*a = -10, -5*p - 17*a + 23 = -13*a. Suppose 3*d + 39693 + 45616 = 4*m, 0 = -p*m + 3*d + 63978. Is m composite?
True
Is (-3)/((144/(-676712))/6) composite?
False
Let w(s) = -2*s - 37. Let z(c) = -c - 19. Let i(b) = -4*w(b) + 7*z(b). Let t be i(-13). Suppose t*x - 35 = 603. Is x a composite number?
True
Suppose -261*j + 114403 = -269*j + 612939. Is j composite?
True
Let m(f) = 3*f**2 - 7*f - 16. Let t(v) = -4*v**2 + 0*v**2 - 8*v + 3*v**2. Let r be t(-7). Is m(r) a composite number?
True
Let w = 66824 - -63275. Is w prime?
True
Suppose l + 2255 = 2275. Let q(r) = r**3 - 5*r**2 + 64*r - 1. Is q(l) a composite number?
True
Suppose 0 = -44*l - 20*l + 2015271 + 1135001. Is l a prime number?
True
Let o = 93344 + -13207. Is o a prime number?
False
Let g = 30 - 23. Suppose 5*x - 4*z = 8, 5*x - 5*z - 6 - 4 = 0. Suppose x = g*y - 4662 + 1127. Is y composite?
True
Let j = -309331 + 482264. Is j composite?
False
Let t = 143 - 219. Let r = 113 + t. Is r composite?
False
Is (-7834092)/(-14) + -4 + (-5 - -2) composite?
False
Let w(a) = 2203*a**2 + 52*a - 347. Is w(6) composite?
False
Let x(c) be the second derivative of -10*c**3 - 221*c**2/2 + 292*c. Is x(-18) composite?
False
Let x be (1/2)/((-4)/(-40923 + 3)). Let j = x + 3368. Is j prime?
False
Suppose 0 = -21*y + 16*y - 862310. Is 42/(-56) + y/(-8) composite?
False
Let j = -203646 + 412387. Is j prime?
False
Let l = 25073 + -4732. Is l a prime number?
True
Suppose 97705993 = 27*u + 260*u. Is u composite?
True
Is ((-38667)/2*14/(-84))/(2/8) a composite number?
False
Suppose -4*t = 8, 4*g = -5*t - 24 + 114. Suppose -3*v - g = 20. Let a(r) = -37*r + 18. Is a(v) a prime number?
False
Suppose 91*r = 244*r - 75075111. Is r a prime number?
False
Let s(p) = 1576*p**2 - 451*p - 4. Is s(-17) a composite number?
True
Suppose -8*h + 34*b + 479240 = 31*b, 0 = 5*h + 2*b - 299525. Is h a composite number?
True
Let p(j) = -231*j**3 - 3 - 4*j**2 + 5 + 232*j**3. Let m be p(4). Suppose -5*z - 3*g - m*g + 165 = 0, z = -2*g + 35. Is z a composite number?
False
Let r(g) = -19470*g - 8871. Is r(-4) composite?
True
Suppose -j + 0 = 2*q - 10, -2*q + 2*j = -4. Suppose q*x + 166 + 2 = 0. Is (-2)/7 + -6*7863/x a prime number?
True
Is -5 + (-86772)/(-6) + 2 + 2 composite?
False
Let l = -71 - -91. Let j be 3 + -1 - 4/(l/(-5)). Suppose 0 = 3*q + q - 20, -j*q + 24200 = 5*y. Is y composite?
True
Let d(r) = -r**3 + r**2 - r - 1. Let u(v) = -515*v**3 - v**2 + 11*v + 6. Let g(m) = 6*d(m) + u(m). Is g(-1) a composite number?
False
Suppose -49 = -48*d + 41*d. Suppose 0 = 2*v + 11*u - d*u - 12610, -3*v = -4*u - 18885. Is v prime?
True
Let o = 404 + -575. Is (-7 + o/(-18))*(-86414)/(-5) composite?
False
Suppose -r - 4*w + 8 = 3, -3*w - 6 = 0. Is 13/(r/(-3)) - (-5221 - 1) prime?
False
Is 0 - (-5)/(-15) - (-32)/(-12)*-7184 composite?
False
Let g = -58 + 67. Is 2/(-3) - (-10545)/g prime?
True
Let d = 8 - 23. Let l be (-3)/d*(-25225)/(-5). Let u = l - 104. Is u a composite number?
True
Let d(i) = 2*i + 54. Let g be d(-25). Suppose 4*r - 671 = 2*c - 3*c, -g*r = -4*c + 2664. Is c composite?
True
Let o = 218190 - 151037. Is o a composite number?
False
Let d = 465424 - 259023. Is d a composite number?
True
Suppose 2445 = 2*g - 3*k - 14284, 16741 = 2*g + k. Is g a prime number?
True
Suppose q - 4 = 3*o, -3*q = 2*o + 16 - 6. Let z be q*(-2 + (-3 - -6)). Is (z/(-6)*1101)/1 prime?
True
Let q be 2 - (4 - -1)/(-1). Let c = -3035 - -6627. Suppose -q*d + c = d. Is d a prime number?
True
Let x = 2 + -2. Let k(p) = -17*p**3 + 8*p**2 - 2*p - 2. Let b be k(-4). Suppose 0 = -d + s + b, 4*s - 1207 = -d - x*d. Is d a prime number?
False
Let q = 114399 - 26632. Is q prime?
True
Let f = 276 + -198. Let g = f - -67. Is g a prime number?
False
Let m(f) = f + 2. Let r be m(4). Suppose -d = 2*d + r. Let k(s) = 118*s**2 - 7*s - 7. Is k(d) composite?
False
Let u(y) = 3*y + 62. Let b be u(-18). Suppose -3568 = -b*l + 5736. Is l a composite number?
False
Suppose 40*h - 44*h = -w - 170144, -5*w - 85036 = -2*h. Is h a prime number?
False
Let o = 40 - 65. Let r = 23 + o. Is (-6112)/(-10) - r - (-1)/(-5) a prime number?
True
Suppose 4*i - 8 = 4*h, 3*i - 3*h + 18 = -6*h. Let x be i/(-5) - 462588/70. Let m = 12625 + x. Is m composite?
True
Let z be -4 + 5 + (-4 - -2). Is ((4559 - z) + 2)/((-20)/(-10)) a prime number?
True
Let t be (-293 - 5)*(1 + -32). Suppose -3*g + 5543 = -2*u, -3*u + 0*u = -5*g + t. Is g a prime number?
True
Let q(p) = 1264*p + 73. Is q(54) a composite number?
False
Is 2*(-5 - (-6)/((-24)/(-617434))) prime?
False
Let f = 201 - 212. Is (-47577)/f - -2 - (-2)/(-11) prime?
True
Let w be -4527 + (-17)/(85/30). Let n = -2216 - w. Is n a prime number?
False
Suppose 5*l = 3*l, -89515 + 311271 = 4*r + 5*l. Is r a composite number?
False
Is (42/2)/(-7) + 37130*2 prime?
True
Let b = 621 + -611. Suppose -b*n + 470613 = 122723. Is n a prime number?
False
Let h be 4/(-110)*5 + (-70)/(-22). Suppose 8*x - 3*x = -5*j + 25, h*j + x = 13. Suppose -3*k = j*k - 41867. Is k a composite number?
False
Let s(t) = -3*t + t**2 + 10*t + 2*t - 9 + 3. Let w be s(-10). Is (614/w)/(6/12) a composite number?
False
Let a(i) = -28*i**2 - 5*i + 10. Let o be a(8). Let v = o - -3798. Suppose -d - 2*r = -979, d - 5*r = -d + v. Is d composite?
False
Let q = 51729 - 8902. Is q a prime number?
False
Is ((-192321)/(-12) - -6)*4/3 a prime number?
True
Let r be ((-16)/(-10))/(2/10). Suppose -i - 1631 = -r*i. Suppose 3*p = 2*p + i. Is p prime?
True
Let s = 293 - -601. Let l = s - -3217. Is l prime?
True
Let d be (-9)/2*(7/(-3) - -1). Suppose 5*s - d*c + 2*c + 19 = 0, 3*s = -c - 8. Is 10 - (-16)/(7 + s) a composite number?
True
Is (9805980/45)/(4/6) prime?
False
Suppose -318*f + 310*f = -16. Suppose 0 = 23*g - 28*g - f*i + 2765, -3*g + 4*i = -1633. Is g a prime number?
False
Is (-803724)/(-24)*(-14)/(-7) a composite number?
False
Let t = -1553 - -3185. Suppose 1299 = g - t. Is g a prime number?
False
Let y be 0 + 1 - (-3 + 2). Let j = -101 - -105. Suppose -1065 = -w + j*x, 2*w - 4316 = -y*w + 2*x. Is w prime?
False
Suppose s - 380775 = w, -28*s - 8*w + 1142347 = -25*s. Is s prime?
True
Let h(f) = 45*f + 91. Let w be h(4). Suppose -w = -12*k + 173. Is k prime?
True
Suppose 213145 + 74842 = 6*d - 37519. Is d composite?
False
Let i(f) = -2*f - 14. Let q be i(-22). Suppose -27*j + q*j - 1893 = 0. Is j a prime number?
True
Let w = -74 + 80. Let r be -2 + w*(-4)/12*-1. Suppose 4*c - 4*b - 340 = r, -6*b + 2*b + 241 = 3*c. Is c a composite number?
False
Suppose -10*s + 810773 = 4*s - 945821. Is s a prime number?
True
Let l(p) = 4*p - 44*p + p**3 - 3*p - 20 - 20*p**2. Let v be l(22). Suppose u - n = 228, -3*u - v*u + 1095 = 4*n. Is u prime?
True
Let c(k) = -3*k**3 - 2*k**2 + 2*k + 3. Let w be c(-1). Suppose w*h = -h + 1638. Let d = -135 + h. Is d composite?
True
Let h = 11313 - 3938. Suppose h = 5*p - 2*b, -3*p + b = 3*b - 4409. Is p composite?
True
Let w(f) = f**2 + 15*f - 13. Let b(z) = 8 + 6 - 11*z - 2 - 3*z. Let v(x) = 6*b(x) + 5*w(x). Is v(9) composite?
False
Let j be -14 + -10465 + 5*(-2)/2. Let a = j + 17121. Is a a composite number?
False
Suppose 146*f - 16362285 - 5724449 = 0. Is f a composite number?
False
Let u be (-35 - 0 - -7)/(0 + -2). Suppose -22*w = -u*w - 45352. Is w a composite number?
False
Suppose 0 = 2*s + 6*s - 3*s. Let a be (s - 1)*-1 - 16. Is ((-9)/(-2))/(a/(-370)) a composite number?
True
Let j = -544 + 578